= 319 - -433. Let q = d + -355. What is the hundreds digit of q?
3
Let y = -1 + 14. Let v(d) = -38 + 6*d + 19 + y*d - 17. What is the units digit of v(6)?
8
Let x be 13/(-3*(-4)/(-24)). What is the tens digit of (-856)/10*(455/x - -5)?
7
Suppose -18*q = -7*q - 71203. Suppose 1989 = -19*z + q. What is the tens digit of z?
3
Suppose m + 2*u - 42726 = 0, m - 5*u = 19823 + 22931. What is the units digit of m?
4
Suppose -120*y + 3002941 = 1216306 - 1253445. What is the hundreds digit of y?
3
Let h(t) = -5*t - 48. Let q be h(-12). Suppose -22*s + q = -19*s. Suppose -2*a + 2*g = -0*a - 38, 2*a = s*g + 30. What is the tens digit of a?
2
Let u = 9416 + -3558. What is the thousands digit of u?
5
Let o = 20 - 78. Let w = o + 64. What is the units digit of (0 + 15)*(8/w + 2)?
0
Suppose 4*l - 24 = -2*l. Suppose k = -5*v + 11 + l, v = k - 3. Suppose 4*o = -k*f + 49, -5*o = 3*f - 2*f - 35. What is the units digit of o?
6
Let g(x) = 1893*x - 2666. What is the hundreds digit of g(6)?
6
Let g(j) be the third derivative of j**5/30 - j**4/24 - 5*j**3/3 - 93*j**2 + 2*j. Suppose 2*y - 3*p - 2*p = -11, 0 = 2*p - 10. What is the tens digit of g(y)?
8
Let d(w) = -10. Let i(n) = n + 10. Let o(u) = -5*d(u) - 3*i(u). Let z be (1 + 1/5)*-15. What is the units digit of o(z)?
4
Suppose -7*x - 239 = -1884. Suppose 0 = -5*s - 3*v + 350 + x, 0 = 4*s + v - 461. Let m = 179 - s. What is the units digit of m?
5
Let y be (-26)/78 - (-50)/(-3). Let i(u) = -19*u + 49. What is the hundreds digit of i(y)?
3
Let r(c) = c**3 + 66*c**2 - 111*c - 3. What is the units digit of r(9)?
3
Suppose -749996 = -195*z + 40*z - 189361. What is the hundreds digit of z?
6
Let u(j) = 113*j - 140. Suppose 4*s + q - 21 = 4*q, -4*s = 5*q - 29. What is the hundreds digit of u(s)?
5
Let j(v) = -2*v**3 - 13*v**2 - 3*v - 9. Let c be 4/18 + 370/(-45). Let t be ((3 - 5) + (5 - 2))*c. What is the units digit of j(t)?
7
Suppose -3*p = -0*p + 6. Suppose -21*d + 28*d - 536 = -127*d. What is the tens digit of ((-74)/d)/(p/8)?
7
Let u(d) be the second derivative of d**4/6 + 17*d**3/6 + 27*d**2/2 - 29*d. Let f be u(-10). Suppose 6*s + f = 393. What is the units digit of s?
6
Suppose 4*b - 908 = -5*h + 567, -5*h = -3*b + 1115. Suppose -p + 392 = 3*t - b, -2*p - 771 = -3*t. What is the hundreds digit of t?
2
Suppose -b - 3*o + 5 = 0, -o = 3*b - 3 - 12. What is the units digit of (15/9)/b*(-471)/(-1)?
7
Suppose 2*b - 7 = 1. Suppose -2216 = b*m - 8*m. Let n = m + -364. What is the units digit of n?
0
Suppose -9*w + 8*w = -n - 43, -2*w + 86 = -5*n. Suppose -w*q + 33*q = -7740. What is the hundreds digit of q?
7
Let k be ((-14)/5)/(2/(-1870)). Suppose -22*j + 8228 = -k. What is the units digit of j?
3
Let h = 12 + -9. Let v(m) = 22*m**3 - 5*m**2 + 4*m - 6. Let u be v(h). What is the tens digit of (u/(-10) + -1)*-2?
1
Suppose 0 = -3*k + 9*k + 84. What is the tens digit of 2/k - 5385*(-55)/231?
8
Suppose 10*c - 14927 - 5633 = 0. What is the hundreds digit of c?
0
Let w = -38 + -22. Let k be 1/((-6)/20)*w/50. What is the units digit of (-6)/k*4/(-6)*39?
9
Suppose 0 = n - 8*n + 98. Suppose -n*o = -6*o. Let h = 12 + o. What is the units digit of h?
2
Suppose 5*u - 90765 = -5*v, -68*u + 72612 = 4*v - 72*u. What is the ten thousands digit of v?
1
Suppose -3340 = -313*s + 309*s. What is the units digit of s?
5
Let o(s) be the second derivative of -s**5/5 + 7*s**4/12 + s**3/3 - 11*s**2/2 + 138*s. What is the tens digit of o(-4)?
4
Let o(u) = 25*u + 106. Let y be o(12). Let q = 1185 - y. What is the hundreds digit of q?
7
Suppose 129*k = 30*k + 3722375 + 1605211. What is the ten thousands digit of k?
5
Let m(q) = 52*q**2 + 46*q - 313. What is the thousands digit of m(6)?
1
Suppose 247 = 2*w - 3*c - 0*c, -4*w + 484 = 4*c. Let y be 2/((16/102)/4). Let l = w - y. What is the units digit of l?
1
Suppose 0 = -45*k + 43*k + 3*l + 105432, 0 = l + 6. What is the units digit of k?
7
Suppose 5*w - 1471 = -4*p + 1866, -p - 1992 = -3*w. What is the hundreds digit of w?
6
Let r(k) = 166*k**2 + 52*k - 413. What is the units digit of r(10)?
7
Suppose -4*z + 4 = 2*t, -2*z - 9 = -4*t + 9. Let m be (-247)/3*-1*(t - 1). Suppose -3*l - l - 3*w = -m, -l + 2*w + 48 = 0. What is the units digit of l?
8
Suppose 190*w = -206033 + 975533. What is the tens digit of w?
5
Suppose 28961 = 5*i + 2*c, 0 = i - 2*i + 5*c + 5803. What is the units digit of i?
3
Suppose -2*g - 2872 = -3*q, -17*g - 4 = -21*g. Let k = -199 - -392. Suppose 9*c + k = q. What is the tens digit of c?
8
Let x(d) = -d**3 - 5*d**2 - 6*d - 15. Let f = -187 - -181. What is the units digit of x(f)?
7
Suppose 19*o - 23749 = 15*o - c, -o + 5936 = -c. What is the units digit of o?
7
Let y = -54 + 51. Let t(r) = r**3 + 3*r**2 - 3*r - 2. Let h be t(y). Suppose 9*s - h*s = 256. What is the hundreds digit of s?
1
Let y(s) = 22*s**2 - 69*s + 206. What is the ten thousands digit of y(29)?
1
Let c(i) = 4*i**3 - 15*i**2 + 15*i - 127. What is the units digit of c(9)?
9
Suppose -53*f - 96*f = -92678. What is the tens digit of f?
2
Let q be 1163 + (-4 + 9 - (-1 - -6)). Let p = q - 716. What is the units digit of p?
7
Suppose 612 = -39*z + 36*z. Let o = z - -1170. What is the units digit of o?
6
Let i = -5552 - -9592. What is the thousands digit of i?
4
Let d = -117 - -129. Suppose -d*i = -i - 4290. What is the tens digit of i?
9
Let j(d) = d**3 + 24*d**2 - 66*d + 2569. What is the units digit of j(33)?
4
Suppose 0 = 10*b - 4407 - 743. What is the hundreds digit of b?
5
What is the ten thousands digit of (-1 + (-7 - -6))*122748/(-8)?
3
Let i = -443 - -447. Let x(l) = 72*l**2 + 2*l - 1. What is the thousands digit of x(i)?
1
Let g be 1/(2/(90 - -2)). Suppose 9*d - 221 - 22 = 0. Let l = d + g. What is the tens digit of l?
7
Let b(n) = -6*n**2 + 2*n - 17. Let v be b(4). Let w be 1*3 - v/(-35). Suppose w = 4*l - 2*m + m - 294, -66 = -l + 4*m. What is the tens digit of l?
7
Let d be 1/(-2)*(5 - (30 + 1)). Suppose d*f = 12*f + 9. Let c(v) = 12*v - 4. What is the tens digit of c(f)?
0
Let b(f) be the first derivative of 25*f**3/3 - 27*f**2/2 - 52*f - 119. What is the hundreds digit of b(-5)?
7
Suppose 25622 = 5*s + 3*v, -320*s - 2*v = -321*s + 5114. What is the units digit of s?
2
Let f = -29 - -30. Suppose 0 = -4*s + f - 5. What is the tens digit of (22/s)/(2/(-4))?
4
Let u = 1200 + 7208. What is the hundreds digit of u?
4
Let g = 161 + -431. What is the hundreds digit of 877 + (-4)/30 + (-1116)/g?
8
Suppose 4607634 = 100*h + 607234. What is the thousands digit of h?
0
Let p(m) = -20*m**3 + m**2 - m - 1. Let n be p(-1). Let z be 2*(1 - n/(-6)). Let h(i) = 2*i**2 - 12. What is the hundreds digit of h(z)?
1
Let k(n) = 9*n**2 - 3*n. Let b be k(0). Suppose 19*d - 1795 + 199 = b. What is the tens digit of d?
8
Let z(m) = -m**3 - 74*m**2 + 56*m - 1952. What is the hundreds digit of z(-79)?
8
What is the tens digit of -5 + (-14 - -5) + 7896?
8
Let g = 4 + 99. Let c = -104 + g. What is the hundreds digit of (356/5)/(12/(-30)*c)?
1
Let n(m) = m**3 - 6*m**2 - 28*m + 17. Suppose 5*q - 25 = -5*o - 0*o, 0 = -4*q - 16. Let t be n(o). Suppose -t*h = h - 693. What is the tens digit of h?
7
Let d be 2/(2 - (4 + 0))*-73. Suppose -3*o + 0*o - 293 = -5*x, 3*o = -x + d. What is the tens digit of x?
6
Suppose 60*m - 125*m - 501853 = -76*m. What is the thousands digit of m?
5
Suppose 19*c - 30 = 4*c. Suppose -50 = c*f - 12*f. Suppose -1342 + 289 = -f*l - 3*g, 3*g = 4*l - 864. What is the hundreds digit of l?
2
Let v be (-86)/559 - 4344/(-13). Suppose 5*s + k = 2541, -s + k - 6*k + 489 = 0. Let h = s - v. What is the units digit of h?
5
Suppose 31 = -4*z + 123. Let h = z - 19. Suppose -h*q + 4*p = -128, -5*q = 6*p - 4*p - 132. What is the tens digit of q?
2
Suppose -20*i = -61 + 21. What is the hundreds digit of (((-12)/(-9))/2)/(i/1818)?
6
Let d(j) = 59*j - 24. Let y = -32 - -36. What is the units digit of d(y)?
2
Let o = -70 - -46. Let s = o - -25. What is the tens digit of (84 - (8 - 4))/s?
8
Let u = 284 + -521. Let h be u/6 + (-1)/2. Let q = h + 83. What is the units digit of q?
3
Suppose 4*j - 40626 = 3*r, -79*j = -75*j + 3*r - 40590. What is the tens digit of j?
5
Let y be 8/(-12) + 1 + (-2576)/(-12). Suppose w + 27 = y. What is the units digit of w?
8
Suppose -q - 5*z + 15490 = 0, 0 = 3*q - 2*z - 19768 - 26600. What is the ten th